13, what is 668b451 - 0?
668b451
In base 4, what is -111131 + 1203001?
1031210
In base 6, what is -1424 - 152510?
-154334
In base 14, what is -17da7 + -9b?
-18064
In base 10, what is 3 - 14752220?
-14752217
In base 14, what is -167 + 145542?
1453b9
In base 4, what is 20 + -200203033230?
-200203033210
In base 13, what is 692b5b8 + -5?
692b5b3
In base 4, what is 11310103011321 + -1?
11310103011320
In base 9, what is -7100315 - -2?
-7100313
In base 12, what is 342aa - 2b2?
33bb8
In base 4, what is 113200211 - 11003?
113123202
In base 14, what is 12 + -a998a?
-a9978
In base 9, what is 1001468 - 0?
1001468
In base 12, what is -2 + -23875b5b?
-23875b61
In base 7, what is 11135343 + 44?
11135420
In base 12, what is -774 - 10321?
-10a95
In base 9, what is -30727 + 4241?
-25476
In base 13, what is -1b41 - 12?
-1b53
In base 15, what is -252084b - -e?
-252083c
In base 6, what is 3 - 50512251?
-50512244
In base 8, what is 16 + 5167111?
5167127
In base 3, what is -11022 - -1121021212021?
1121021200222
In base 9, what is 161556 - -361?
162027
In base 9, what is -1 - -5181406?
5181405
In base 12, what is -12bab90 - 4?
-12bab94
In base 11, what is -1a9971 - -553?
-1a9419
In base 9, what is 45648502 - 3?
45648488
In base 4, what is 0 - 12201332321013?
-12201332321013
In base 7, what is -4562451363 - 0?
-4562451363
In base 15, what is -5178a - -761?
-51029
In base 8, what is 3 + 5747217?
5747222
In base 14, what is -2d94387c + 2?
-2d94387a
In base 10, what is 3 - -6464650?
6464653
In base 10, what is 28 - 329480?
-329452
In base 3, what is -112010201012212 + 1?
-112010201012211
In base 4, what is -1312333 + -3023100?
-11002033
In base 11, what is 9a519355 + 5?
9a51935a
In base 12, what is -824 + -96303?
-96b27
In base 5, what is -1 - -31441032124?
31441032123
In base 16, what is -9 - -13be13?
13be0a
In base 5, what is 3114134 - 2233?
3111401
In base 11, what is -41825089 + -5?
-41825093
In base 2, what is 1111100110000010110000 + -100?
1111100110000010101100
In base 12, what is 4974 - -9100?
11a74
In base 7, what is -223 - -400220?
366664
In base 10, what is -19 - -2280381?
2280362
In base 3, what is 10022220 + -11110201010?
-11100101020
In base 7, what is -1444653 - 52?
-1445035
In base 13, what is 2 + -543ca3?
-543ca1
In base 2, what is 11000 - -11010000110101110000101?
11010000110101110011101
In base 14, what is 1772 - -108?
187a
In base 8, what is 4 - -715364727?
715364733
In base 2, what is 101 - -1010000000010101101101?
1010000000010101110010
In base 7, what is 4654600233 - 5?
4654600225
In base 2, what is -1111001011010001000 + 11?
-1111001011010000101
In base 3, what is -101210 - 20011001?
-20112211
In base 8, what is -1012160 - -73?
-1012065
In base 12, what is -1242b491 + 1?
-1242b490
In base 14, what is 575c4d4 - -2?
575c4d6
In base 2, what is -100 + -10000111111011110110?
-10000111111011111010
In base 7, what is 200251031 - 5?
200251023
In base 7, what is 123 + -2131361?
-2131235
In base 11, what is -2a06a91 + -6?
-2a06a97
In base 5, what is 223434141203 + -2?
223434141201
In base 11, what is -2025 + -8330?
-a355
In base 15, what is -e37e99 + -2?
-e37e9b
In base 13, what is -841ca + -146?
-84343
In base 16, what is -5f - -60fa?
609b
In base 14, what is -84522bab - 5?
-84522bb2
In base 12, what is 10b + 21a668?
21a777
In base 6, what is -105325554 + -1110?
-105331104
In base 5, what is -3103343240 + 24?
-3103343211
In base 11, what is 5155506 + 1?
5155507
In base 16, what is -262 - 9c112?
-9c374
In base 14, what is 3b63 + 163?
3cc6
In base 2, what is -10011101000001111110101 - 10110110?
-10011101000010010101011
In base 2, what is 1101000111110 - -10001101011?
1111010101001
In base 7, what is 14320544032 + 1?
14320544033
In base 2, what is 1101010110011110101011010 - -10?
1101010110011110101011100
In base 15, what is 384757 + -16?
384741
In base 10, what is -2597700 - 4?
-2597704
In base 14, what is 126c - -a1c?
1c8a
In base 5, what is -10332113111 - 10?
-10332113121
In base 2, what is 1110100100110001 - 11?
1110100100101110
In base 13, what is -1752 + -c4c?
-26a1
In base 3, what is 1121211221112020 - 11?
1121211221112002
In base 15, what is c72 - -5294?
6016
In base 10, what is 2245204 - 6?
2245198
In base 11, what is 16 + -8267317?
-8267301
In base 2, what is 100011101101101100010 - 1000?
100011101101101011010
In base 16, what is 5889f5b - 4?
5889f57
In base 13, what is 6c - b537?
-b498
In base 5, what is 331213141 - 11?
331213130
In base 10, what is -5 - -958192?
958187
In base 14, what is 2952bd9 + -1?
2952bd8
In base 3, what is 1201200210 - 20110200?
1111020010
In base 9, what is -45034 - 1221?
-46255
In base 15, what is 8a95dd + 9?
8a95e7
In base 7, what is -12 - -1413433142?
1413433130
In base 5, what is -1032204 - 3242144?
-4324403
In base 3, what is 12000011102022102 - 0?
12000011102022102
In base 7, what is 600531 + -64?
600434
In base 4, what is -33121112003 - -322?
-33121111021
In base 14, what is 5 - c668b7?
-c668b2
In base 12, what is 9aa5 - 18ab6?
-b011
In base 6, what is -21 - -11555433414?
11555433353
In base 3, what is -21000 + 12021002221?
12020211221
In base 2, what is 11 + 10001000101111010000100?
10001000101111010000111
In base 14, what is -13283 - 9c?
-13341
In base 8, what is 17 - -55100271?
55100310
In base 5, what is 34013 - 30423?
3040
In base 14, what is -8 + -185174?
-18517c
In base 10, what is -15341458 + 3?
-15341455
In base 12, what is -b + 2181a78?
2181a69
In base 9, what is 117 + -44481?
-44363
In base 10, what is -14 - 778112?
-778126
In base 3, what is 1210212010 - -121001?
1211110011
In base 3, what is -10212122220 - -12111200?
-10200011020
In base 9, what is -1211442 + -144?
-1211586
In base 15, what is -242781db + 5?
-242781d6
In base 15, what is 1c9b - -e1?
1d8c
In base 3, what is -112100 - -101201022112?
101200210012
In base 7, what is -10412 + 16536?
6124
In base 7, what is 11456 + -114012?
-102223
In base 2, what is -1001101001 - 10110110101111011?
-10110111111100100
In base 12, what is -51a + 85a1?
8083
In base 4, what is -2103 + -1310000001?
-1310002110
In base 14, what is -3 - -4bd691?
4bd68c
In base 3, what is -10 - 10120201012200?
-10120201012210
In base 13, what is -43 + -427179b?
-4271811
In base 7, what is 6223142 - 244?
6222565
In base 3, what is -1010101 + -1122211222021?
-1122220002122
In base 2, what is -111011000110101000101100011 + -11?
-111011000110101000101100110
In base 10, what is -2362 + -790?
-3152
In base 11, what is -170a776 + -2a0?
-170aa66
In base 13, what is -20 - -14420c?
1441bc
In base 16, what is -4 + -1201a55?
-1201a59
In base 8, what is -123543427 + 30?
-123543377
In base 11, what is 739 + -52840?
-52102
In base 4, what is 11 + 3130112032111?
3130112032122
In base 13, what is -227038 + -3c?
-227077
In base 5, what is 1004043 - 223301?
230242
In base 2, what is -100101100100001001110 + 1011?
-100101100100001000011
In base 7, what is -5 - -1002650?
1002642
In base 7, what is -1433 + -411436?
-413202
In base 2, what is 110010010101110011001111010 + -1?
110010010101110011001111001
In base 7, what is -146655 - -2?
-146653
In base 14, what is 8 + -c67cac?
-c67ca4
In base 3, what is 20220110 + 10202111?
101122221
In base 8, what is 513202752 + 2?
513202754
In base 16, what is -2891 + 720a?
4979
In base 8, what is 352 + 6240?
6612
In base 13, what is 1a - 277996c?
-2779952
In base 13, what is 4 + 346230b?
3462312
In base 10, what is -158747590 + 0?
-158747590
In base 12, what is a4855 + 152?
a49a7
In base 13, what is 3c - 462426?
-4623b7
In base 2, what is -10000001 + 1101100101001100011?
1101100100111100010
In base 16, what is -364 + 23166d?
231309
In base 14, what is 8c1c65 - 1d?
8c1c46
In base 8, what is 46277504 + -10?
46277474
In base 9, what is 2 - -12053185?
12053187
In base 10, what is -53271 + -3318?
-56589
In base 2, what is 100111000101010011100101100 - 1?
100111000101010011100101011
In base 15, what is 92d + -a2bb?
-988d
In base 8, what is -5 - -64226?
64221
In base 8, what is -3623465 + -1103?
-3624570
In base 13, what is -5 + -5024a66?
-5024a6b
In base 4, what is 123231322021 + 12?
123231322033
In base 7, what is -1111642 - -2563?
-1106046
In base 12, what is 7ab0 + -b729?
-3839
In base 15, what is -219 - 19b87?
-19da1
In base 9, what is -24131606 + 8?
-24131587
In bas